{"id":1861,"date":"2019-09-10T04:21:03","date_gmt":"2019-09-10T02:21:03","guid":{"rendered":"https:\/\/woostify.com\/demos\/megashop\/?post_type=product&#038;p=1861"},"modified":"2021-05-27T05:04:15","modified_gmt":"2021-05-27T03:04:15","slug":"nivea-douche-deep-men-250-ml","status":"publish","type":"product","link":"https:\/\/sicomex-groupe.facomci.net\/index.php\/product\/nivea-douche-deep-men-250-ml\/","title":{"rendered":"Nivea Douche Deep men &#8211; 250 Ml"},"content":{"rendered":"<h3>Gamme Nivea<\/h3>\n<p>Parce que votre peau m\u00e9rite le meilleur, nous avons s\u00e9lectionn\u00e9 pour vous et vos b\u00e9b\u00e9 la gamme de produit nivea.<br \/>\nId\u00e9ale pour tous types de peau elle saura entretenir votre peau et lui donnera une hydratation parfaite et une douceur au toucher.<br \/>\n<img loading=\"lazy\" decoding=\"async\" class=\"alignnone size-medium wp-image-2988\" src=\"http:\/\/sicomex-groupe.facomci.net\/wp-content\/uploads\/2019\/09\/3_banner_3080x806-300x117.png\" alt=\"\" width=\"300\" height=\"117\" srcset=\"https:\/\/sicomex-groupe.facomci.net\/wp-content\/uploads\/2019\/09\/3_banner_3080x806-300x117.png 300w, https:\/\/sicomex-groupe.facomci.net\/wp-content\/uploads\/2019\/09\/3_banner_3080x806-1024x400.png 1024w, https:\/\/sicomex-groupe.facomci.net\/wp-content\/uploads\/2019\/09\/3_banner_3080x806-768x300.png 768w, https:\/\/sicomex-groupe.facomci.net\/wp-content\/uploads\/2019\/09\/3_banner_3080x806-1536x600.png 1536w, https:\/\/sicomex-groupe.facomci.net\/wp-content\/uploads\/2019\/09\/3_banner_3080x806-2048x800.png 2048w, https:\/\/sicomex-groupe.facomci.net\/wp-content\/uploads\/2019\/09\/3_banner_3080x806-600x234.png 600w\" sizes=\"auto, (max-width: 300px) 100vw, 300px\" \/><\/p>\n","protected":false},"excerpt":{"rendered":"<ul>\n<li>Type de produit: Gel Douche<\/li>\n<li>Capacit\u00e9: 250ml<\/li>\n<li>Corps &amp; Cheveux<\/li>\n<li>Poids: 0,3 kg<\/li>\n<\/ul>\n","protected":false},"featured_media":2989,"comment_status":"open","ping_status":"closed","template":"","meta":{"om_disable_all_campaigns":false,"_monsterinsights_skip_tracking":false,"_monsterinsights_sitenote_active":false,"_monsterinsights_sitenote_note":"","_monsterinsights_sitenote_category":0},"class_list":["post-1861","product","type-product","status-publish","has-post-thumbnail","hentry","product_cat-beaute-hygiene"],"_links":{"self":[{"href":"https:\/\/sicomex-groupe.facomci.net\/index.php\/wp-json\/wp\/v2\/product\/1861","targetHints":{"allow":["GET"]}}],"collection":[{"href":"https:\/\/sicomex-groupe.facomci.net\/index.php\/wp-json\/wp\/v2\/product"}],"about":[{"href":"https:\/\/sicomex-groupe.facomci.net\/index.php\/wp-json\/wp\/v2\/types\/product"}],"replies":[{"embeddable":true,"href":"https:\/\/sicomex-groupe.facomci.net\/index.php\/wp-json\/wp\/v2\/comments?post=1861"}],"wp:featuredmedia":[{"embeddable":true,"href":"https:\/\/sicomex-groupe.facomci.net\/index.php\/wp-json\/wp\/v2\/media\/2989"}],"wp:attachment":[{"href":"https:\/\/sicomex-groupe.facomci.net\/index.php\/wp-json\/wp\/v2\/media?parent=1861"}],"curies":[{"name":"wp","href":"https:\/\/api.w.org\/{rel}","templated":true}]}}