{"id":1859,"date":"2019-09-10T04:15:56","date_gmt":"2019-09-10T02:15:56","guid":{"rendered":"https:\/\/woostify.com\/demos\/megashop\/?post_type=product&#038;p=1859"},"modified":"2021-05-27T05:04:37","modified_gmt":"2021-05-27T03:04:37","slug":"nasco-slim-tv-led-24-hd-led_nas-t24atv","status":"publish","type":"product","link":"https:\/\/sicomex-groupe.facomci.net\/index.php\/product\/nasco-slim-tv-led-24-hd-led_nas-t24atv\/","title":{"rendered":"Nasco SLIM TV LED 24\u2019\u2019 HD \u2013 LED_NAS-T24ATV"},"content":{"rendered":"<p><strong>Une v\u00e9ritable exp\u00e9rience LED dans un tout nouvel \u00e9clairage<br \/>\n<\/strong>Les t\u00e9l\u00e9viseurs LED NASCO ont cr\u00e9\u00e9 une exp\u00e9rience visuelle totalement innovante\u00a0 lorsqu\u2019il s\u2019agit<br \/>\nde divertissement \u00e0 domicile. Gr\u00e2ce \u00e0 la toute derni\u00e8re technologie LED, vous plongerez compl\u00e8tement dans un tout nouveau monde de r\u00e9alit\u00e9 visuelle t\u00e9l\u00e9vis\u00e9e.<\/p>\n<p><strong>Am\u00e9liorez vos \u00e9conomies et votre environnement.<br \/>\n<\/strong>Les t\u00e9l\u00e9viseurs LED de NASCO vous offrent une superbe exp\u00e9rience visuelle pour une consommation \u00e9nerg\u00e9tique r\u00e9duite. En effet, le nouveau design Planet First tient compte de l\u2019environnement en utilisant la technologie la plus efficace qui consomme encore moins d\u2019\u00e9nergie. Vu qu\u2019il a fallu moins de mat\u00e9riaux pour fabriquer le t\u00e9l\u00e9viseur, la consommation d\u2019\u00e9nergie s\u2019en voit r\u00e9duite. Profitez de fonctionnalit\u00e9s de pointe et de hautes performances tout en apportant une contribution positive \u00e0 la plan\u00e8te.<\/p>\n","protected":false},"excerpt":{"rendered":"<ul>\n<li>Type de produit : TV LED<\/li>\n<li>Mod\u00e8le : LED_NAS-P40FB-A<\/li>\n<li>DIMENSIONS DE L\u2019\u00c9CRAN : 24 POUCE<\/li>\n<li>R\u00c9SOLUTION : 1366\u00d7768<\/li>\n<li>Puissance de sortie sonore :3W+3W<\/li>\n<li>\u00c9conomie d\u2019\u00e9nergie<\/li>\n<li>Entr\u00e9e composante (Y\/Pb\/Pr) : 1<\/li>\n<li>Entr\u00e9e RF (entr\u00e9e terrestre\/c\u00e2ble) : 1<\/li>\n<li>Technologie de r\u00e9tro\u00e9clairage : LED<\/li>\n<li>Poids du produit : 2.4 Kg<\/li>\n<li>HDMI : 2<\/li>\n<li>USB : 1<\/li>\n<li>Classe d\u2019efficacit\u00e9 \u00e9nerg\u00e9tique : A<\/li>\n<li>Fr\u00e9quence de rafra\u00eechissement de l\u2019image : 60Hz<\/li>\n<li>Dimensions (L x H x P) Avec support: 57*36.06*15.89 cm<\/li>\n<li>Dimensions (L x H x P) Sans support: 54.91*33.46*8.64 cm<\/li>\n<li>Syst\u00e8me TV : ATV(PAL,SECAM)\/DTV(DVB-T\/C\/T2\/S\/S2)<\/li>\n<li>DOLBY SOUND<\/li>\n<li><b>La garantie ne prend pas en charge les r\u00e9parations sur l&#8217;\u00e9cran<\/b><\/li>\n<\/ul>\n","protected":false},"featured_media":1679,"comment_status":"open","ping_status":"closed","template":"","meta":{"om_disable_all_campaigns":false,"_monsterinsights_skip_tracking":false,"_monsterinsights_sitenote_active":false,"_monsterinsights_sitenote_note":"","_monsterinsights_sitenote_category":0},"class_list":["post-1859","product","type-product","status-publish","has-post-thumbnail","hentry","product_cat-electromenager"],"_links":{"self":[{"href":"https:\/\/sicomex-groupe.facomci.net\/index.php\/wp-json\/wp\/v2\/product\/1859","targetHints":{"allow":["GET"]}}],"collection":[{"href":"https:\/\/sicomex-groupe.facomci.net\/index.php\/wp-json\/wp\/v2\/product"}],"about":[{"href":"https:\/\/sicomex-groupe.facomci.net\/index.php\/wp-json\/wp\/v2\/types\/product"}],"replies":[{"embeddable":true,"href":"https:\/\/sicomex-groupe.facomci.net\/index.php\/wp-json\/wp\/v2\/comments?post=1859"}],"wp:featuredmedia":[{"embeddable":true,"href":"https:\/\/sicomex-groupe.facomci.net\/index.php\/wp-json\/wp\/v2\/media\/1679"}],"wp:attachment":[{"href":"https:\/\/sicomex-groupe.facomci.net\/index.php\/wp-json\/wp\/v2\/media?parent=1859"}],"curies":[{"name":"wp","href":"https:\/\/api.w.org\/{rel}","templated":true}]}}