{"id":106,"date":"2018-10-18T02:11:39","date_gmt":"2018-10-18T02:11:39","guid":{"rendered":"https:\/\/woostify.com\/demos\/fashion1\/?post_type=product&#038;p=106"},"modified":"2021-05-22T11:40:17","modified_gmt":"2021-05-22T09:40:17","slug":"smart-technology-bouilloire-stpe-249s-1-8l-noir-garantie-3-mois","status":"publish","type":"product","link":"https:\/\/sicomex-groupe.facomci.net\/index.php\/product\/smart-technology-bouilloire-stpe-249s-1-8l-noir-garantie-3-mois\/","title":{"rendered":"SMART TECHNOLOGY Bouilloire &#8211; Stpe-249S &#8211; 1.8L &#8211; Noir &#8211; Garantie 3 Mois"},"content":{"rendered":"<div class=\"woocommerce-product-details__short-description\">\n<h3>Pratique et efficace :<\/h3>\n<ul>\n<li>Ouvrez la bouilloire \u00e0 la simple pression d\u2019un bouton situ\u00e9 sur la poign\u00e9e facilitant l\u2019acc\u00e8s \u00e0 l\u2019int\u00e9rieur pour remplir la bouilloire et la nettoyer.<\/li>\n<li>Un filtre anti-poussi\u00e8re pratique et un filtre anti-calcaire pour un nettoyage facile qui garantit une bouilloire propre et une eau pure pour des th\u00e9s et caf\u00e9s d\u00e9licieux.<\/li>\n<\/ul>\n<\/div>\n","protected":false},"excerpt":{"rendered":"<p>Bouilloire a\u00a0<b>STPE-249S<\/b>\u00a0style affirm\u00e9 et moderne gr\u00e2ce \u00e0 des finitions de qualit\u00e9 en\u00a0<b>acier inoxydable<\/b>\u00a0bross\u00e9. C\u2019est la bouilloire qu\u2019il vous faut pour partager des moments gourmands entre amis ou en famille. Avec sa r\u00e9sistance cach\u00e9e, l&#8217;eau chauffe plus vite et le nettoyage est simplifi\u00e9. Avec son design, elle trouvera sa place dans votre cuisine. Vous allez l&#8217;adorer !<\/p>\n","protected":false},"featured_media":2953,"comment_status":"open","ping_status":"closed","template":"","meta":{"om_disable_all_campaigns":false,"_monsterinsights_skip_tracking":false,"_monsterinsights_sitenote_active":false,"_monsterinsights_sitenote_note":"","_monsterinsights_sitenote_category":0},"class_list":["post-106","product","type-product","status-publish","has-post-thumbnail","hentry","product_cat-electromenager"],"_links":{"self":[{"href":"https:\/\/sicomex-groupe.facomci.net\/index.php\/wp-json\/wp\/v2\/product\/106","targetHints":{"allow":["GET"]}}],"collection":[{"href":"https:\/\/sicomex-groupe.facomci.net\/index.php\/wp-json\/wp\/v2\/product"}],"about":[{"href":"https:\/\/sicomex-groupe.facomci.net\/index.php\/wp-json\/wp\/v2\/types\/product"}],"replies":[{"embeddable":true,"href":"https:\/\/sicomex-groupe.facomci.net\/index.php\/wp-json\/wp\/v2\/comments?post=106"}],"wp:featuredmedia":[{"embeddable":true,"href":"https:\/\/sicomex-groupe.facomci.net\/index.php\/wp-json\/wp\/v2\/media\/2953"}],"wp:attachment":[{"href":"https:\/\/sicomex-groupe.facomci.net\/index.php\/wp-json\/wp\/v2\/media?parent=106"}],"curies":[{"name":"wp","href":"https:\/\/api.w.org\/{rel}","templated":true}]}}